 151861 and 17?
17
Calculate the greatest common factor of 325190 and 10.
10
What is the greatest common factor of 139904 and 64?
64
What is the highest common factor of 7067 and 111?
37
Calculate the highest common divisor of 900313 and 1195.
239
What is the greatest common divisor of 2044 and 190676?
292
Calculate the greatest common factor of 81114 and 99.
33
Calculate the greatest common factor of 36 and 589068.
36
What is the greatest common divisor of 54203 and 3082?
67
Calculate the greatest common divisor of 9618 and 2814.
42
What is the greatest common factor of 5 and 1463545?
5
What is the greatest common divisor of 110 and 41294?
22
Calculate the highest common factor of 4263 and 15573.
87
Calculate the highest common factor of 12 and 10494.
6
Calculate the greatest common factor of 5561 and 31789.
83
What is the highest common factor of 249 and 4605338?
83
Calculate the greatest common factor of 47 and 99640.
47
What is the highest common divisor of 22356 and 60?
12
Calculate the greatest common divisor of 35 and 542485.
5
Calculate the highest common divisor of 4140 and 9000.
180
What is the highest common factor of 1825964 and 56?
28
Calculate the greatest common factor of 46 and 41193.
23
Calculate the greatest common factor of 120270 and 6270.
570
What is the highest common divisor of 13 and 23140?
13
What is the greatest common divisor of 530388 and 72?
36
Calculate the greatest common factor of 836 and 645544.
76
What is the greatest common divisor of 13973 and 445?
89
What is the highest common divisor of 193 and 2895?
193
Calculate the greatest common factor of 8104 and 496.
8
What is the highest common factor of 52 and 19318?
26
Calculate the highest common divisor of 840106 and 51.
17
Calculate the highest common factor of 460 and 5885.
5
Calculate the greatest common factor of 1125 and 456125.
125
Calculate the greatest common factor of 2427 and 5127.
3
What is the highest common factor of 4291 and 19616?
613
Calculate the greatest common divisor of 8392 and 32.
8
What is the highest common factor of 200 and 1948600?
200
Calculate the greatest common divisor of 18084 and 1452.
132
Calculate the greatest common divisor of 40 and 975.
5
What is the greatest common divisor of 1945 and 108142?
389
What is the highest common divisor of 2198 and 357018?
314
What is the highest common factor of 50712 and 60?
12
What is the highest common divisor of 14022 and 3977?
41
Calculate the highest common divisor of 77004 and 217.
31
What is the greatest common divisor of 2 and 26523?
1
Calculate the greatest common factor of 1230 and 492.
246
Calculate the greatest common divisor of 18310 and 490.
10
What is the greatest common divisor of 7 and 13745977?
7
Calculate the greatest common divisor of 2358 and 258201.
1179
Calculate the highest common factor of 124372 and 31.
31
What is the highest common divisor of 3799439 and 161?
161
What is the greatest common factor of 3184 and 40198?
398
Calculate the greatest common factor of 128 and 11152.
16
What is the greatest common divisor of 330 and 65109?
33
What is the highest common divisor of 14672 and 1919936?
2096
What is the greatest common divisor of 1258 and 181781?
629
What is the greatest common divisor of 10 and 68270?
10
What is the greatest common factor of 2896 and 25616?
16
Calculate the highest common divisor of 1808 and 336.
16
What is the greatest common factor of 143 and 34749?
143
Calculate the highest common factor of 671 and 20680.
11
What is the greatest common divisor of 6425 and 1655?
5
Calculate the highest common factor of 270214 and 14.
14
Calculate the highest common divisor of 752 and 925712.
752
Calculate the highest common factor of 33411 and 1554.
777
What is the highest common divisor of 10 and 183830?
10
What is the greatest common factor of 527 and 1972?
17
What is the greatest common factor of 7755 and 10011?
141
Calculate the greatest common factor of 44929 and 716.
179
What is the highest common factor of 274091 and 9775?
391
Calculate the highest common factor of 10778 and 17.
17
What is the highest common factor of 70967 and 143?
13
Calculate the highest common factor of 170950 and 234.
26
Calculate the highest common divisor of 35753 and 46.
1
What is the greatest common factor of 611 and 4251?
13
Calculate the highest common factor of 1165 and 305929.
233
What is the highest common factor of 9956 and 108?
4
Calculate the greatest common factor of 94544 and 4354.
622
What is the greatest common divisor of 14 and 1491?
7
Calculate the highest common factor of 340986 and 306.
102
What is the greatest common factor of 2900 and 1711?
29
What is the highest common divisor of 22217 and 52?
13
What is the greatest common divisor of 1403 and 66429?
61
Calculate the highest common divisor of 22 and 2165383.
11
Calculate the greatest common divisor of 180 and 1810.
10
What is the greatest common divisor of 245659 and 116?
29
What is the greatest common factor of 209 and 20786?
19
Calculate the greatest common divisor of 304 and 40052.
76
What is the highest common factor of 703 and 7277?
19
Calculate the highest common factor of 228 and 322107.
57
Calculate the greatest common factor of 369 and 3027645.
369
Calculate the highest common divisor of 294 and 1602447.
147
Calculate the greatest common factor of 1345110 and 65.
65
What is the highest common divisor of 57777 and 3?
3
What is the highest common divisor of 23729 and 23241?
61
Calculate the highest common divisor of 17660 and 60.
20
Calculate the greatest common divisor of 17301 and 19491.
219
Calculate the greatest common divisor of 1188 and 302148.
396
What is the greatest common divisor of 5787 and 5144?
643
Calculate the greatest common factor of 359 and 110.
1
Calculate the highest common divisor of 337482 and 72.
18
What is the highest common divisor of 175158 and 1332?
666
Calculate the highest common factor of 32480 and 6944.
224
Calculate the greatest common divisor of 48104 and 232.
8
Calculate the greatest common factor of 2520 and 10017.
63
What is the greatest common divisor of 377359 and 209?
19
What is the greatest common divisor of 833 and 159409?
17
Calculate the highest common factor of 16435 and 97745.
865
Calculate the greatest common factor of 360 and 286128.
72
Calculate the highest common divisor of 77657 and 1975.
79
Calculate the greatest common divisor of 5004 and 486.
18
Calculate the highest common divisor of 9477789 and 102.
51
Calculate the highest common divisor of 17617 and 158.
79
Calculate the highest common divisor of 11468019 and 291.
291
What is the greatest common factor of 10062 and 3328?
26
Calculate the highest common divisor of 10200 and 119400.
600
What is the highest common factor of 50 and 185690?
10
Calculate the highest common factor of 105 and 617130.
15
What is the greatest common factor of 4700 and 17150?
50
Calculate the highest common divisor of 601256 and 2176.
136
Calculate the highest common factor of 37008 and 43920.
144
What is the highest common factor of 21165 and 12?
3
What is the highest common divisor of 833854 and 14?
14
What is the highest common divisor of 924 and 266244?
132
What is the greatest common factor of 6802208 and 14?
14
What is the highest common factor of 5130 and 85590?
270
What is the highest common factor of 83785 and 65?
65
Calculate the greatest common divisor of 97398 and 1449.
63
Calculate the highest common divisor of 222 and 474.
6
Calculate the highest common factor of 3181562 and 134.
134
Calculate the highest common divisor of 7535 and 3773.
11
What is the greatest common divisor of 5402175 and 323?
323
Calculate the highest common factor of 285 and 35169.
57
Calculate the highest common divisor of 117962 and 6.
2
Calculate the highest common divisor of 512722 and 2226.
742
Calculate the greatest common divisor of 180 and 461250.
90
What is the greatest common divisor of 5784521 and 109?
109
Calculate the highest common factor of 193 and 1737.
193
What is the greatest common divisor of 468 and 91572?
156
Calculate the highest common divisor of 201 and 136077.
201
What is the highest common divisor of 20691 and 228?
57
Calculate the greatest common factor of 69348 and 1176.
12
Calculate the greatest common factor